
Calculate the highest common factor of 3223 and 22.
11
What is the highest common divisor of 11 and 132?
11
Calculate the greatest common divisor of 40 and 190.
10
Calculate the greatest common divisor of 49616 and 112.
112
What is the highest common factor of 11 and 7535?
11
Calculate the greatest common divisor of 209 and 76.
19
Calculate the greatest common divisor of 600 and 120.
120
What is the highest common factor of 756 and 2156?
28
What is the greatest common factor of 56 and 59248?
56
What is the highest common factor of 1375 and 55?
55
What is the highest common factor of 253 and 253?
253
What is the greatest common factor of 1968 and 48?
48
Calculate the highest common factor of 18 and 4608.
18
Calculate the greatest common factor of 70 and 616.
14
Calculate the greatest common factor of 573 and 191.
191
Calculate the highest common divisor of 4760 and 272.
136
Calculate the greatest common divisor of 1914 and 132.
66
Calculate the greatest common factor of 30 and 2460.
30
Calculate the greatest common divisor of 56 and 616.
56
What is the greatest common factor of 387 and 1462?
43
What is the greatest common divisor of 14 and 49?
7
Calculate the highest common divisor of 182 and 4095.
91
What is the highest common factor of 45 and 522?
9
What is the greatest common factor of 1194 and 6?
6
Calculate the greatest common factor of 17835 and 145.
145
Calculate the highest common divisor of 236 and 295.
59
Calculate the highest common divisor of 72 and 16.
8
Calculate the highest common factor of 729 and 324.
81
Calculate the greatest common divisor of 756 and 1188.
108
Calculate the greatest common factor of 7 and 49.
7
What is the greatest common divisor of 7 and 133?
7
Calculate the highest common factor of 68 and 13124.
68
Calculate the greatest common factor of 270 and 150.
30
Calculate the highest common factor of 35 and 371.
7
What is the greatest common divisor of 3445 and 65?
65
Calculate the highest common factor of 14 and 8.
2
Calculate the highest common factor of 40 and 8.
8
Calculate the highest common factor of 176 and 128.
16
Calculate the highest common divisor of 14 and 86.
2
What is the greatest common divisor of 182 and 42?
14
What is the greatest common factor of 6 and 7278?
6
What is the greatest common divisor of 2930 and 5567?
293
What is the highest common divisor of 68 and 32?
4
Calculate the highest common factor of 137 and 1.
1
Calculate the greatest common factor of 81 and 3078.
81
Calculate the greatest common divisor of 8 and 508.
4
What is the highest common factor of 52 and 338?
26
What is the highest common factor of 6273 and 63?
9
What is the greatest common factor of 200 and 8?
8
Calculate the highest common divisor of 56 and 64.
8
What is the greatest common divisor of 98 and 28?
14
Calculate the greatest common divisor of 86800 and 20.
20
Calculate the greatest common factor of 253 and 10672.
23
What is the greatest common divisor of 660 and 550?
110
Calculate the greatest common factor of 3 and 1293.
3
What is the highest common divisor of 75 and 6?
3
Calculate the greatest common factor of 230 and 21804.
46
Calculate the greatest common factor of 28 and 56.
28
What is the greatest common factor of 20 and 110?
10
Calculate the greatest common divisor of 2190 and 60.
30
Calculate the highest common factor of 34 and 2.
2
What is the highest common divisor of 4012 and 295?
59
What is the greatest common divisor of 122 and 19886?
122
Calculate the greatest common divisor of 16 and 256.
16
Calculate the greatest common factor of 190 and 152.
38
Calculate the highest common divisor of 2093 and 8533.
161
Calculate the highest common divisor of 2044 and 803.
73
Calculate the greatest common divisor of 126 and 294.
42
Calculate the highest common factor of 63 and 729.
9
Calculate the greatest common divisor of 18 and 81.
9
Calculate the greatest common divisor of 26 and 260.
26
What is the greatest common divisor of 18 and 5058?
18
What is the greatest common divisor of 7 and 163?
1
Calculate the greatest common factor of 1474 and 154.
22
What is the greatest common factor of 69 and 46?
23
What is the highest common factor of 2106 and 182?
26
What is the greatest common factor of 3906 and 9?
9
Calculate the greatest common factor of 29 and 232.
29
What is the greatest common divisor of 47466 and 162?
162
What is the highest common divisor of 96 and 720?
48
What is the highest common factor of 84 and 48?
12
What is the highest common divisor of 28 and 55244?
28
What is the highest common divisor of 7 and 847?
7
Calculate the highest common divisor of 468 and 2548.
52
Calculate the highest common factor of 224 and 7.
7
What is the highest common factor of 11 and 9757?
11
Calculate the highest common divisor of 512 and 16.
16
Calculate the greatest common factor of 819 and 1143.
9
What is the highest common factor of 380 and 4408?
76
Calculate the greatest common factor of 14331 and 562.
281
What is the greatest common divisor of 8217 and 99?
99
Calculate the highest common factor of 530 and 20.
10
What is the highest common divisor of 20 and 32?
4
Calculate the highest common factor of 2 and 6.
2
What is the greatest common factor of 18 and 66?
6
Calculate the highest common divisor of 3056 and 16.
16
Calculate the greatest common divisor of 6076 and 1240.
124
What is the highest common divisor of 38 and 1786?
38
What is the highest common divisor of 708 and 48?
12
What is the greatest common divisor of 63 and 117?
9
What is the greatest common divisor of 1518 and 429?
33
Calculate the highest common factor of 481 and 26.
13
What is the greatest common divisor of 742 and 112?
14
What is the highest common divisor of 1110 and 150?
30
What is the highest common factor of 7254 and 744?
186
Calculate the highest common factor of 98 and 14.
14
Calculate the greatest common factor of 136 and 646.
34
What is the greatest common divisor of 8 and 40?
8
What is the highest common factor of 36 and 612?
36
Calculate the highest common divisor of 274 and 2603.
137
What is the greatest common factor of 84 and 553?
7
Calculate the greatest common factor of 4653 and 235.
47
What is the greatest common divisor of 1828 and 4?
4
What is the highest common divisor of 5522 and 22?
22
What is the greatest common factor of 36 and 1188?
36
What is the greatest common divisor of 5 and 215?
5
Calculate the greatest common factor of 1138 and 2.
2
What is the highest common factor of 95 and 171?
19
What is the highest common factor of 162 and 234?
18
What is the highest common factor of 2079 and 9801?
297
Calculate the greatest common factor of 272 and 9656.
136
Calculate the greatest common factor of 10 and 545.
5
Calculate the greatest common divisor of 71 and 142.
71
What is the highest common factor of 25 and 475?
25
Calculate the highest common factor of 7686 and 54.
18
Calculate the highest common factor of 143 and 351.
13
What is the greatest common divisor of 38 and 3002?
38
What is the greatest common divisor of 296 and 2849?
37
Calculate the greatest common divisor of 32 and 352.
32
Calculate the highest common factor of 9656 and 426.
142
What is the greatest common factor of 819 and 63?
63
What is the greatest common factor of 279 and 31?
31
Calculate the greatest common divisor of 7397 and 26.
13
What is the highest common factor of 13 and 832?
13
What is the greatest common divisor of 216 and 144?
72
Calculate the greatest common factor of 8 and 206.
2
Calculate the highest common divisor of 956 and 4.
4
Calculate the highest common divisor of 84 and 105.
21
Calculate the highest common divisor of 650 and 50.
50
Calculate the greatest common factor of 1530 and 666.
18
What is the highest common divisor of 32 and 3?
1
Calculate the greatest common divisor of 1562 and 44.
22
Calculate the highest common factor of 288 and 2448.
144
What is the highest common divisor of 11 and 297?
11
Calculate the greatest common divisor of 4802 and 14.
14
What is the greatest common divisor of 174 and 12?
6
What is the highest common divisor of 220 and 480?
20
What is the highest common factor of 189 and 1647?
27
Calculate the greatest common divisor of 10794 and 84.
42
What is the greatest common factor of 28 and 4?
4
What is the high